{"id":3,"date":"2020-04-30T13:04:00","date_gmt":"2020-04-30T13:04:00","guid":{"rendered":"https:\/\/s1060957425.onlinehome.fr\/?page_id=3"},"modified":"2026-02-18T17:51:55","modified_gmt":"2026-02-18T17:51:55","slug":"mentions-legales","status":"publish","type":"page","link":"https:\/\/iem-agility.com\/index.php\/mentions-legales\/","title":{"rendered":"MENTIONS L\u00c9GALES"},"content":{"rendered":"\n<p>IEM Agility<\/p>\n\n\n\n<p>EIRL Faustine Vidal<br>3 rue Bertrand <br>07230 Lablach\u00e8re<br>France<br>faustine.vidal@iem-agility.com<br>+33 (0)6.19.49.70.66<\/p>\n\n\n\n<p>SIRET: 849 695 374 00025 | NDA : 84070156907 | Code NAF : 8559B<br>N\u00b0 TVA intracommunautaire : Non Soumis<br>Responsable de la publication : Faustine VIDAL<\/p>\n\n\n\n<p>H\u00e9bergement du site : soci\u00e9t\u00e9 Online<br>Registrar de iem-agility.com : ionos.com<\/p>\n\n\n\n<p>Conform\u00e9ment \u00e0 la loi \u00ab informatique et libert\u00e9s \u00bb du 6 janvier 1978 modifi\u00e9e en 2004, vous b\u00e9n\u00e9ficiez d\u2019un droit d\u2019acc\u00e8s et de rectification aux informations qui vous concernent, que vous pouvez exercer en envoyant un email \u00e0&nbsp;faustine.vidal@iem-agility.com<br>Vous pouvez \u00e9galement, pour des motifs l\u00e9gitimes, vous opposer au traitement des donn\u00e9es vous concernant.<\/p>\n","protected":false},"excerpt":{"rendered":"<p>IEM Agility EIRL Faustine Vidal3 rue Bertrand 07230 Lablach\u00e8reFrancefaustine.vidal@iem-agility.com+33 (0)6.19.49.70.66 SIRET: 849 695 374 00025 | NDA : 84070156907 | Code NAF : 8559BN\u00b0 TVA intracommunautaire : Non SoumisResponsable de la publication : Faustine VIDAL H\u00e9bergement du site : soci\u00e9t\u00e9 OnlineRegistrar de iem-agility.com : ionos.com Conform\u00e9ment \u00e0 la loi \u00ab informatique et libert\u00e9s \u00bb du&hellip;<\/p>\n","protected":false},"author":1,"featured_media":0,"parent":0,"menu_order":0,"comment_status":"closed","ping_status":"closed","template":"","meta":{"footnotes":""},"class_list":["post-3","page","type-page","status-publish","hentry","description-off"],"_links":{"self":[{"href":"https:\/\/iem-agility.com\/index.php\/wp-json\/wp\/v2\/pages\/3","targetHints":{"allow":["GET"]}}],"collection":[{"href":"https:\/\/iem-agility.com\/index.php\/wp-json\/wp\/v2\/pages"}],"about":[{"href":"https:\/\/iem-agility.com\/index.php\/wp-json\/wp\/v2\/types\/page"}],"author":[{"embeddable":true,"href":"https:\/\/iem-agility.com\/index.php\/wp-json\/wp\/v2\/users\/1"}],"replies":[{"embeddable":true,"href":"https:\/\/iem-agility.com\/index.php\/wp-json\/wp\/v2\/comments?post=3"}],"version-history":[{"count":10,"href":"https:\/\/iem-agility.com\/index.php\/wp-json\/wp\/v2\/pages\/3\/revisions"}],"predecessor-version":[{"id":7714,"href":"https:\/\/iem-agility.com\/index.php\/wp-json\/wp\/v2\/pages\/3\/revisions\/7714"}],"wp:attachment":[{"href":"https:\/\/iem-agility.com\/index.php\/wp-json\/wp\/v2\/media?parent=3"}],"curies":[{"name":"wp","href":"https:\/\/api.w.org\/{rel}","templated":true}]}}